{"id":926,"date":"2023-04-12T07:21:45","date_gmt":"2023-04-12T07:21:45","guid":{"rendered":"https:\/\/wpriverthemes.com\/gridx\/?page_id=926"},"modified":"2025-10-06T17:19:27","modified_gmt":"2025-10-06T15:19:27","slug":"about-page","status":"publish","type":"page","link":"https:\/\/www.marekfungac.sk\/?page_id=926","title":{"rendered":"ABOUT PAGE"},"content":{"rendered":"\t\t<div data-elementor-type=\"wp-page\" data-elementor-id=\"926\" class=\"elementor elementor-926\">\n\t\t\t\t\t\t<section class=\"elementor-section elementor-top-section elementor-element elementor-element-151ae56 elementor-section-boxed elementor-section-height-default elementor-section-height-default\" data-id=\"151ae56\" data-element_type=\"section\">\n\t\t\t\t\t\t<div class=\"elementor-container elementor-column-gap-default\">\n\t\t\t\t\t<div class=\"elementor-column elementor-col-100 elementor-top-column elementor-element elementor-element-3102b38\" data-id=\"3102b38\" data-element_type=\"column\">\n\t\t\t<div class=\"elementor-widget-wrap elementor-element-populated\">\n\t\t\t\t\t\t<section class=\"elementor-section elementor-inner-section elementor-element elementor-element-5c3f255 elementor-section-boxed elementor-section-height-default elementor-section-height-default\" data-id=\"5c3f255\" data-element_type=\"section\">\n\t\t\t\t\t\t<div class=\"elementor-container elementor-column-gap-default\">\n\t\t\t\t\t<div class=\"elementor-column elementor-col-50 elementor-inner-column elementor-element elementor-element-8c8f0ed\" data-id=\"8c8f0ed\" data-element_type=\"column\">\n\t\t\t<div class=\"elementor-widget-wrap elementor-element-populated\">\n\t\t\t\t\t\t<div class=\"elementor-element elementor-element-bcceb75 elementor-widget elementor-widget-gridxdaaboutimg\" data-id=\"bcceb75\" data-element_type=\"widget\" data-widget_type=\"gridxdaaboutimg.default\">\n\t\t\t\t<div class=\"elementor-widget-container\">\n\t\t\t\t\t\n         <!-- Star AboutImage\n    ============================================= -->\n    \n       <div data-aos=\"zoom-in\" class=\"about-image-box-wrap\">\n        <div class=\"about-image-box shadow-box\">\n            \t\t\t\t\n<img decoding=\"async\" src=\"https:\/\/www.marekfungac.sk\/wp-content\/themes\/gridx\/assets\/images\/bg1.png\" alt=\"img\" class=\"bg-img\">\n\t\t\t\t\n            <div class=\"image-inner\">\n                <img decoding=\"async\" src=\"https:\/\/www.marekfungac.sk\/wp-content\/uploads\/2025\/10\/ig-yellow.jpg\" alt=\"\">\n            <\/div>\n        <\/div>\n    <\/div>\n\n    <script>\n    AOS.init({\n        duration: 1500,\n        once: true,\n\n    });<\/script>\n    \n\n    \t\t\t\t<\/div>\n\t\t\t\t<\/div>\n\t\t\t\t\t<\/div>\n\t\t<\/div>\n\t\t\t\t<div class=\"elementor-column elementor-col-50 elementor-inner-column elementor-element elementor-element-fcda44d\" data-id=\"fcda44d\" data-element_type=\"column\">\n\t\t\t<div class=\"elementor-widget-wrap elementor-element-populated\">\n\t\t\t\t\t\t<div class=\"elementor-element elementor-element-1c9e78e elementor-widget elementor-widget-gridxdaaboutdetail\" data-id=\"1c9e78e\" data-element_type=\"widget\" data-widget_type=\"gridxdaaboutdetail.default\">\n\t\t\t\t<div class=\"elementor-widget-container\">\n\t\t\t\t\t\n         <!-- Start AboutDetail\n    ============================================= -->\n\n         \n<div class=\"about-details\" data-aos=\"zoom-in\">\n            <h1 class=\"section-heading\" data-aos=\"\"> \t\n            \t\t\t\n<img decoding=\"async\" src=\"https:\/\/www.marekfungac.sk\/wp-content\/themes\/gridx\/assets\/images\/star-2.png\" alt=\"img\" >\n\t \t\t\t\t\t\n O mne\t\n            \t\t\t\n<img decoding=\"async\" src=\"https:\/\/www.marekfungac.sk\/wp-content\/themes\/gridx\/assets\/images\/star-2.png\" alt=\"img\">\n\t\t\t\t\t\t\n<\/h1>\n\n            <div class=\"about-details-inner shadow-box\">\n               \t\t\t\t<img decoding=\"async\" src=\"https:\/\/www.marekfungac.sk\/wp-content\/themes\/gridx\/assets\/images\/icon2.png\" alt=\"img\" class=\"star-icon\">\n\t\t\t\t\t\t\t\t\t\t\n                <h2>Marek Fung\u00e1\u010d.<\/h2>\n                <p>Grafick\u00e9mu dizajnu sa venujem u\u017e viac ako 11 rokov. Zameriavam sa na vytv\u00e1ranie vizu\u00e1lnych rie\u0161en\u00ed, ktor\u00e9 sp\u00e1jaj\u00fa kreativitu s \u00fa\u010delnos\u0165ou. V priebehu kari\u00e9ry som nadobudol bohat\u00e9 sk\u00fasenosti vo v\u0161etk\u00fdch oblastiach grafick\u00e9ho dizajnu, od brandingov\u00fdch projektov cez digit\u00e1lne kampane, UX\/UI a\u017e po tla\u010dov\u00e9 materi\u00e1ly. S orient\u00e1ciou na detaily a zmyslom pre estetiku sa neust\u00e1le sna\u017e\u00edm prin\u00e1\u0161a\u0165 origin\u00e1lne a efekt\u00edvne dizajnov\u00e9 rie\u0161enia, ktor\u00e9 zaujm\u00fa a splnia po\u017eiadavky klientov.<\/p>            <\/div>\n\n<\/div> \n\n  <script>\n    AOS.init({\n        duration: 1500,\n        once: true,\n\n    });<\/script>\n\n    \t\t\t\t<\/div>\n\t\t\t\t<\/div>\n\t\t\t\t\t<\/div>\n\t\t<\/div>\n\t\t\t\t\t<\/div>\n\t\t<\/section>\n\t\t\t\t\t<\/div>\n\t\t<\/div>\n\t\t\t\t\t<\/div>\n\t\t<\/section>\n\t\t\t\t<section class=\"elementor-section elementor-top-section elementor-element elementor-element-7a568b9 elementor-section-boxed elementor-section-height-default elementor-section-height-default\" data-id=\"7a568b9\" data-element_type=\"section\">\n\t\t\t\t\t\t<div class=\"elementor-container elementor-column-gap-default\">\n\t\t\t\t\t<div class=\"elementor-column elementor-col-100 elementor-top-column elementor-element elementor-element-d5aafec\" data-id=\"d5aafec\" data-element_type=\"column\">\n\t\t\t<div class=\"elementor-widget-wrap elementor-element-populated\">\n\t\t\t\t\t\t<section class=\"elementor-section elementor-inner-section elementor-element elementor-element-a3feaff elementor-section-boxed elementor-section-height-default elementor-section-height-default\" data-id=\"a3feaff\" data-element_type=\"section\">\n\t\t\t\t\t\t<div class=\"elementor-container elementor-column-gap-default\">\n\t\t\t\t\t<div class=\"elementor-column elementor-col-50 elementor-inner-column elementor-element elementor-element-94ece78\" data-id=\"94ece78\" data-element_type=\"column\">\n\t\t\t<div class=\"elementor-widget-wrap elementor-element-populated\">\n\t\t\t\t\t\t<div class=\"elementor-element elementor-element-7ceb529 elementor-widget elementor-widget-gridxdaexperiencebox\" data-id=\"7ceb529\" data-element_type=\"widget\" data-widget_type=\"gridxdaexperiencebox.default\">\n\t\t\t\t<div class=\"elementor-widget-container\">\n\t\t\t\t\t\n         <!-- Start Experience\n    ============================================= -->\n\n\n<div data-aos=\"zoom-in\">\n    <div class=\"about-edc-exp about-experience shadow-box\">\n         \t\t\t\t\n<img decoding=\"async\" src=\"https:\/\/www.marekfungac.sk\/wp-content\/themes\/gridx\/assets\/images\/bg1.png\" alt=\"img\" class=\"bg-img\">\n\t\t\t\t\n        <h4>sk\u00fasenosti<\/h4>\n\n        <ul>\n                        <li>\n                <p class=\"date\">2022 - s\u00fa\u010dasnos\u0165<\/p>\n                <h3>Grafick\u00fd dizajn\u00e9r<\/h3>\n                <p class=\"type\">Digitalcare s.r.o.<\/p>\n            <\/li>\n                        <li>\n                <p class=\"date\">2014 - 2022<\/p>\n                <h3>Grafick\u00fd dizajn\u00e9r<\/h3>\n                <p class=\"type\">mobil online s.r.o<\/p>\n            <\/li>\n                    <\/ul>\n    <\/div>\n<\/div>\n\n\n <script>\n    AOS.init({\n        duration: 1500,\n        once: true,\n\n    });<\/script>\n\n    \t\t\t\t<\/div>\n\t\t\t\t<\/div>\n\t\t\t\t\t<\/div>\n\t\t<\/div>\n\t\t\t\t<div class=\"elementor-column elementor-col-50 elementor-inner-column elementor-element elementor-element-20451f2\" data-id=\"20451f2\" data-element_type=\"column\">\n\t\t\t<div class=\"elementor-widget-wrap elementor-element-populated\">\n\t\t\t\t\t\t<div class=\"elementor-element elementor-element-1f8eed7 elementor-widget elementor-widget-gridxdaeducationbox\" data-id=\"1f8eed7\" data-element_type=\"widget\" data-widget_type=\"gridxdaeducationbox.default\">\n\t\t\t\t<div class=\"elementor-widget-container\">\n\t\t\t\t\t\n         <!-- Start Education\n    ============================================= -->\n\n<div  data-aos=\"zoom-in\">\n            <div class=\"about-edc-exp about-education shadow-box\">\n                \t\t\t\t\n<img decoding=\"async\" src=\"https:\/\/www.marekfungac.sk\/wp-content\/themes\/gridx\/assets\/images\/bg1.png\" alt=\"img\" class=\"bg-img\">\n\t\t\t\t\n                <h4>vzdelanie<\/h4>\n\n                <ul>\n                                        <li>\n                        <p class=\"date\">2006 - 2010<\/p>\n                        <h3>SO\u0160 Techn\u00e1ck\u00e1<\/h3>\n                        <p class=\"type\">Lu\u010denec<\/p>\n                    <\/li>\n                                        <li>\n                        <p class=\"date\">2010 - 2012<\/p>\n                        <h3>Fakulta elektrotechniky a informatiky<\/h3>\n                        <p class=\"type\">Slovensk\u00e1 technick\u00e1 univetzita<\/p>\n                    <\/li>\n                                    <\/ul>\n            <\/div>\n<\/div>\n\n <script>\n    AOS.init({\n        duration: 1500,\n        once: true,\n\n    });<\/script>\n\n\n    \t\t\t\t<\/div>\n\t\t\t\t<\/div>\n\t\t\t\t\t<\/div>\n\t\t<\/div>\n\t\t\t\t\t<\/div>\n\t\t<\/section>\n\t\t\t\t\t<\/div>\n\t\t<\/div>\n\t\t\t\t\t<\/div>\n\t\t<\/section>\n\t\t\t\t<section class=\"elementor-section elementor-top-section elementor-element elementor-element-123a4fa elementor-section-boxed elementor-section-height-default elementor-section-height-default\" data-id=\"123a4fa\" data-element_type=\"section\">\n\t\t\t\t\t\t<div class=\"elementor-container elementor-column-gap-default\">\n\t\t\t\t\t<div class=\"elementor-column elementor-col-100 elementor-top-column elementor-element elementor-element-3dc73c8\" data-id=\"3dc73c8\" data-element_type=\"column\">\n\t\t\t<div class=\"elementor-widget-wrap elementor-element-populated\">\n\t\t\t\t\t\t<section class=\"elementor-section elementor-inner-section elementor-element elementor-element-525f97c elementor-section-boxed elementor-section-height-default elementor-section-height-default\" data-id=\"525f97c\" data-element_type=\"section\">\n\t\t\t\t\t\t<div class=\"elementor-container elementor-column-gap-default\">\n\t\t\t\t\t<div class=\"elementor-column elementor-col-33 elementor-inner-column elementor-element elementor-element-a7ebc4d\" data-id=\"a7ebc4d\" data-element_type=\"column\">\n\t\t\t<div class=\"elementor-widget-wrap elementor-element-populated\">\n\t\t\t\t\t\t<div class=\"elementor-element elementor-element-4a1252e elementor-widget elementor-widget-gridxdaprofilesbox\" data-id=\"4a1252e\" data-element_type=\"widget\" data-widget_type=\"gridxdaprofilesbox.default\">\n\t\t\t\t<div class=\"elementor-widget-container\">\n\t\t\t\t\t\n         <!-- Start Profiles Box\n    ============================================= -->\n\n<div class=\"col-md-12\">\n        <div class=\"blog-service-profile-wrap\">\n\n     <div data-aos=\"zoom-in\" class=\"about-profile-box-wrap\">\n        <div class=\"about-profile-box info-box shadow-box h-full\">\n            \t\t\t\t\n<img decoding=\"async\" src=\"https:\/\/www.marekfungac.sk\/wp-content\/themes\/gridx\/assets\/images\/bg1.png\" alt=\"BG\" class=\"bg-img\">\n\t\t\t\t\n\t\t\t\n            <div class=\"inner-profile-icons shadow-box\">\n                \n                <a                 href=\"https:\/\/www.instagram.com\/mrkfngc\/\">\n                    <i class=\"iconoir-instagram\"><\/i>\n                <\/a>\n\n                <a                 href=\"https:\/\/www.linkedin.com\/in\/marek-fung\u00e1\u010d-199bb763\/\">\n                    <i class=\"iconoir-linkedin\"><\/i>\n                <\/a>\n                \n            <\/div>\n            <div class=\"d-flex align-items-center justify-content-between\">\n                <div class=\"infos\">\n                    <h5>MOJE SOCI\u00c1LNE SIETE<\/h5>\n                    <h2>Profily<\/h2>\n                <\/div>\n\n                <a                 href=\"https:\/\/linktr.ee\/marekfungac\" class=\"about-btn\">\n                   \t\n                \t\t\t\n<img decoding=\"async\" src=\"https:\/\/www.marekfungac.sk\/wp-content\/themes\/gridx\/assets\/images\/icon.svg\" alt=\"Star\">\n\t \t\t\t\t\t\n                <\/a>\n\n            <\/div>\n        <\/div>\n    <\/div>\n<\/div>\n<\/div>\n\n\n  <script>\n    AOS.init({\n        duration: 1500,\n        once: true,\n\n    });<\/script>                \n\n    \t\t\t\t<\/div>\n\t\t\t\t<\/div>\n\t\t\t\t\t<\/div>\n\t\t<\/div>\n\t\t\t\t<div class=\"elementor-column elementor-col-33 elementor-inner-column elementor-element elementor-element-f5e4dbf\" data-id=\"f5e4dbf\" data-element_type=\"column\">\n\t\t\t<div class=\"elementor-widget-wrap elementor-element-populated\">\n\t\t\t\t\t\t<div class=\"elementor-element elementor-element-09569e9 elementor-widget elementor-widget-gridxdacontactbox\" data-id=\"09569e9\" data-element_type=\"widget\" data-widget_type=\"gridxdacontactbox.default\">\n\t\t\t\t<div class=\"elementor-widget-container\">\n\t\t\t\t\t\n         <!-- Start Contact Box\n    ============================================= -->\n     \n    \n<div data-aos=\"zoom-in\" class=\"about-contact-box-wrap\">\n        \n    <div class=\"about-contact-box info-box shadow-box\">\n        <a         class=\"overlay-link\" href=\"https:\/\/www.marekfungac.sk\/?page_id=1560\"><\/a>\n        \t\t\t\t\n<img decoding=\"async\" src=\"https:\/\/www.marekfungac.sk\/wp-content\/themes\/gridx\/assets\/images\/bg1.png\" alt=\"BG\" class=\"bg-img\">\n\t\t\t\t\n               \t\n<img decoding=\"async\" src=\"https:\/\/www.marekfungac.sk\/wp-content\/themes\/gridx\/assets\/images\/icon2.png\" alt=\"Star\" class=\"star-icon\">\n  \n\t\t\n\t\t\n       \n        <h2>Po\u010fme <br>teda <span>spolupracova\u0165.<\/h2>\n        <a href=\"https:\/\/www.marekfungac.sk\/?page_id=1560\" class=\"about-btn\">\n            \t\n            \t\t\t\n<img decoding=\"async\" src=\"https:\/\/www.marekfungac.sk\/wp-content\/themes\/gridx\/assets\/images\/icon.svg\" alt=\"Star\">\n          \t\t\t\t\t\t\n        <\/a>\n    <\/div>\n\n<\/div>\n\n<script>\n    AOS.init({\n        duration: 1500,\n        once: true,\n\n    });<\/script>\n                 \n\n    \t\t\t\t<\/div>\n\t\t\t\t<\/div>\n\t\t\t\t\t<\/div>\n\t\t<\/div>\n\t\t\t\t<div class=\"elementor-column elementor-col-33 elementor-inner-column elementor-element elementor-element-663db9d\" data-id=\"663db9d\" data-element_type=\"column\">\n\t\t\t<div class=\"elementor-widget-wrap elementor-element-populated\">\n\t\t\t\t\t\t<div class=\"elementor-element elementor-element-690aa31 elementor-widget elementor-widget-gridxdacredentialbox\" data-id=\"690aa31\" data-element_type=\"widget\" data-widget_type=\"gridxdacredentialbox.default\">\n\t\t\t\t<div class=\"elementor-widget-container\">\n\t\t\t\t\t\n         <!-- Start Credentials Box\n    ============================================= -->\n    <div data-aos=\"zoom-in\" class=\"about-crenditials-box\">\n            <div class=\"info-box shadow-box h-full\">\n                <a                 class=\"overlay-link\" href=\"https:\/\/www.marekfungac.sk\/?page_id=1065\"><\/a>\n\t\t\t\t\n\t\t\t\t\n<img decoding=\"async\" src=\"https:\/\/www.marekfungac.sk\/wp-content\/themes\/gridx\/assets\/images\/bg1.png\" alt=\"BG\" class=\"bg-img\">\n\t\t\t\t\n\t\t\t\t\n<img decoding=\"async\" class=\"proj-img\" src=\"https:\/\/www.marekfungac.sk\/wp-content\/uploads\/2024\/03\/admin-ajaxaa.png\" alt=\"\">\n                <div class=\"d-flex align-items-center justify-content-between\">\n                    <div class=\"infos\">\n                        <h5>nie\u010do o mne<\/h5>\n                        <h2>Viac<\/h2>\n                    <\/div>\n\n                    <a href=\"https:\/\/www.marekfungac.sk\/?page_id=1065\" class=\"about-btn\">\n\t\t\t\t\t\t\n\t\n\t\t\t\n<img decoding=\"async\" src=\"https:\/\/www.marekfungac.sk\/wp-content\/themes\/gridx\/assets\/images\/icon.svg\" alt=\"Star\">\n\n                        \n                    <\/a>\n                <\/div>\n            <\/div>\n    <\/div>\n\n\n    <script>\n    AOS.init({\n        duration: 1500,\n        once: true,\n\n    });<\/script>     \n\n    \t\t\t\t<\/div>\n\t\t\t\t<\/div>\n\t\t\t\t\t<\/div>\n\t\t<\/div>\n\t\t\t\t\t<\/div>\n\t\t<\/section>\n\t\t\t\t\t<\/div>\n\t\t<\/div>\n\t\t\t\t\t<\/div>\n\t\t<\/section>\n\t\t\t\t<\/div>\n\t\t","protected":false},"excerpt":{"rendered":"<p>O mne Marek Fung\u00e1\u010d. Grafick\u00e9mu dizajnu sa venujem u\u017e viac ako 11 rokov. Zameriavam sa na vytv\u00e1ranie vizu\u00e1lnych rie\u0161en\u00ed, ktor\u00e9 sp\u00e1jaj\u00fa kreativitu s \u00fa\u010delnos\u0165ou. V priebehu kari\u00e9ry som nadobudol bohat\u00e9 sk\u00fasenosti vo v\u0161etk\u00fdch oblastiach grafick\u00e9ho dizajnu, od brandingov\u00fdch projektov cez digit\u00e1lne kampane, UX\/UI a\u017e po tla\u010dov\u00e9 materi\u00e1ly. S orient\u00e1ciou na detaily a zmyslom pre estetiku [&hellip;]<\/p>\n","protected":false},"author":1,"featured_media":0,"parent":0,"menu_order":0,"comment_status":"closed","ping_status":"closed","template":"page-templates\/main-about.php","meta":{"_monsterinsights_skip_tracking":false,"_monsterinsights_sitenote_active":false,"_monsterinsights_sitenote_note":"","_monsterinsights_sitenote_category":0,"footnotes":""},"class_list":["post-926","page","type-page","status-publish","hentry"],"yoast_head":"<!-- This site is optimized with the Yoast SEO plugin v26.0 - https:\/\/yoast.com\/wordpress\/plugins\/seo\/ -->\n<title>ABOUT PAGE - marekfungac<\/title>\n<meta name=\"robots\" content=\"index, follow, max-snippet:-1, max-image-preview:large, max-video-preview:-1\" \/>\n<link rel=\"canonical\" href=\"https:\/\/www.marekfungac.sk\/?page_id=926\" \/>\n<meta property=\"og:locale\" content=\"en_US\" \/>\n<meta property=\"og:type\" content=\"article\" \/>\n<meta property=\"og:title\" content=\"ABOUT PAGE - marekfungac\" \/>\n<meta property=\"og:description\" content=\"O mne Marek Fung\u00e1\u010d. Grafick\u00e9mu dizajnu sa venujem u\u017e viac ako 11 rokov. Zameriavam sa na vytv\u00e1ranie vizu\u00e1lnych rie\u0161en\u00ed, ktor\u00e9 sp\u00e1jaj\u00fa kreativitu s \u00fa\u010delnos\u0165ou. V priebehu kari\u00e9ry som nadobudol bohat\u00e9 sk\u00fasenosti vo v\u0161etk\u00fdch oblastiach grafick\u00e9ho dizajnu, od brandingov\u00fdch projektov cez digit\u00e1lne kampane, UX\/UI a\u017e po tla\u010dov\u00e9 materi\u00e1ly. S orient\u00e1ciou na detaily a zmyslom pre estetiku [&hellip;]\" \/>\n<meta property=\"og:url\" content=\"https:\/\/www.marekfungac.sk\/?page_id=926\" \/>\n<meta property=\"og:site_name\" content=\"marekfungac\" \/>\n<meta property=\"article:modified_time\" content=\"2025-10-06T15:19:27+00:00\" \/>\n<meta property=\"og:image\" content=\"https:\/\/www.marekfungac.sk\/wp-content\/themes\/gridx\/assets\/images\/bg1.png\" \/>\n<meta name=\"twitter:card\" content=\"summary_large_image\" \/>\n<meta name=\"twitter:label1\" content=\"Est. reading time\" \/>\n\t<meta name=\"twitter:data1\" content=\"4 minutes\" \/>\n<script type=\"application\/ld+json\" class=\"yoast-schema-graph\">{\"@context\":\"https:\/\/schema.org\",\"@graph\":[{\"@type\":\"WebPage\",\"@id\":\"https:\/\/www.marekfungac.sk\/?page_id=926\",\"url\":\"https:\/\/www.marekfungac.sk\/?page_id=926\",\"name\":\"ABOUT PAGE - marekfungac\",\"isPartOf\":{\"@id\":\"https:\/\/www.marekfungac.sk\/#website\"},\"primaryImageOfPage\":{\"@id\":\"https:\/\/www.marekfungac.sk\/?page_id=926#primaryimage\"},\"image\":{\"@id\":\"https:\/\/www.marekfungac.sk\/?page_id=926#primaryimage\"},\"thumbnailUrl\":\"https:\/\/www.marekfungac.sk\/wp-content\/themes\/gridx\/assets\/images\/bg1.png\",\"datePublished\":\"2023-04-12T07:21:45+00:00\",\"dateModified\":\"2025-10-06T15:19:27+00:00\",\"breadcrumb\":{\"@id\":\"https:\/\/www.marekfungac.sk\/?page_id=926#breadcrumb\"},\"inLanguage\":\"en-US\",\"potentialAction\":[{\"@type\":\"ReadAction\",\"target\":[\"https:\/\/www.marekfungac.sk\/?page_id=926\"]}]},{\"@type\":\"ImageObject\",\"inLanguage\":\"en-US\",\"@id\":\"https:\/\/www.marekfungac.sk\/?page_id=926#primaryimage\",\"url\":\"https:\/\/www.marekfungac.sk\/wp-content\/themes\/gridx\/assets\/images\/bg1.png\",\"contentUrl\":\"https:\/\/www.marekfungac.sk\/wp-content\/themes\/gridx\/assets\/images\/bg1.png\"},{\"@type\":\"BreadcrumbList\",\"@id\":\"https:\/\/www.marekfungac.sk\/?page_id=926#breadcrumb\",\"itemListElement\":[{\"@type\":\"ListItem\",\"position\":1,\"name\":\"Home\",\"item\":\"https:\/\/www.marekfungac.sk\/\"},{\"@type\":\"ListItem\",\"position\":2,\"name\":\"ABOUT PAGE\"}]},{\"@type\":\"WebSite\",\"@id\":\"https:\/\/www.marekfungac.sk\/#website\",\"url\":\"https:\/\/www.marekfungac.sk\/\",\"name\":\"marekfungac\",\"description\":\"\",\"potentialAction\":[{\"@type\":\"SearchAction\",\"target\":{\"@type\":\"EntryPoint\",\"urlTemplate\":\"https:\/\/www.marekfungac.sk\/?s={search_term_string}\"},\"query-input\":{\"@type\":\"PropertyValueSpecification\",\"valueRequired\":true,\"valueName\":\"search_term_string\"}}],\"inLanguage\":\"en-US\"}]}<\/script>\n<!-- \/ Yoast SEO plugin. -->","yoast_head_json":{"title":"ABOUT PAGE - marekfungac","robots":{"index":"index","follow":"follow","max-snippet":"max-snippet:-1","max-image-preview":"max-image-preview:large","max-video-preview":"max-video-preview:-1"},"canonical":"https:\/\/www.marekfungac.sk\/?page_id=926","og_locale":"en_US","og_type":"article","og_title":"ABOUT PAGE - marekfungac","og_description":"O mne Marek Fung\u00e1\u010d. Grafick\u00e9mu dizajnu sa venujem u\u017e viac ako 11 rokov. Zameriavam sa na vytv\u00e1ranie vizu\u00e1lnych rie\u0161en\u00ed, ktor\u00e9 sp\u00e1jaj\u00fa kreativitu s \u00fa\u010delnos\u0165ou. V priebehu kari\u00e9ry som nadobudol bohat\u00e9 sk\u00fasenosti vo v\u0161etk\u00fdch oblastiach grafick\u00e9ho dizajnu, od brandingov\u00fdch projektov cez digit\u00e1lne kampane, UX\/UI a\u017e po tla\u010dov\u00e9 materi\u00e1ly. S orient\u00e1ciou na detaily a zmyslom pre estetiku [&hellip;]","og_url":"https:\/\/www.marekfungac.sk\/?page_id=926","og_site_name":"marekfungac","article_modified_time":"2025-10-06T15:19:27+00:00","og_image":[{"url":"https:\/\/www.marekfungac.sk\/wp-content\/themes\/gridx\/assets\/images\/bg1.png","type":"","width":"","height":""}],"twitter_card":"summary_large_image","twitter_misc":{"Est. reading time":"4 minutes"},"schema":{"@context":"https:\/\/schema.org","@graph":[{"@type":"WebPage","@id":"https:\/\/www.marekfungac.sk\/?page_id=926","url":"https:\/\/www.marekfungac.sk\/?page_id=926","name":"ABOUT PAGE - marekfungac","isPartOf":{"@id":"https:\/\/www.marekfungac.sk\/#website"},"primaryImageOfPage":{"@id":"https:\/\/www.marekfungac.sk\/?page_id=926#primaryimage"},"image":{"@id":"https:\/\/www.marekfungac.sk\/?page_id=926#primaryimage"},"thumbnailUrl":"https:\/\/www.marekfungac.sk\/wp-content\/themes\/gridx\/assets\/images\/bg1.png","datePublished":"2023-04-12T07:21:45+00:00","dateModified":"2025-10-06T15:19:27+00:00","breadcrumb":{"@id":"https:\/\/www.marekfungac.sk\/?page_id=926#breadcrumb"},"inLanguage":"en-US","potentialAction":[{"@type":"ReadAction","target":["https:\/\/www.marekfungac.sk\/?page_id=926"]}]},{"@type":"ImageObject","inLanguage":"en-US","@id":"https:\/\/www.marekfungac.sk\/?page_id=926#primaryimage","url":"https:\/\/www.marekfungac.sk\/wp-content\/themes\/gridx\/assets\/images\/bg1.png","contentUrl":"https:\/\/www.marekfungac.sk\/wp-content\/themes\/gridx\/assets\/images\/bg1.png"},{"@type":"BreadcrumbList","@id":"https:\/\/www.marekfungac.sk\/?page_id=926#breadcrumb","itemListElement":[{"@type":"ListItem","position":1,"name":"Home","item":"https:\/\/www.marekfungac.sk\/"},{"@type":"ListItem","position":2,"name":"ABOUT PAGE"}]},{"@type":"WebSite","@id":"https:\/\/www.marekfungac.sk\/#website","url":"https:\/\/www.marekfungac.sk\/","name":"marekfungac","description":"","potentialAction":[{"@type":"SearchAction","target":{"@type":"EntryPoint","urlTemplate":"https:\/\/www.marekfungac.sk\/?s={search_term_string}"},"query-input":{"@type":"PropertyValueSpecification","valueRequired":true,"valueName":"search_term_string"}}],"inLanguage":"en-US"}]}},"_links":{"self":[{"href":"https:\/\/www.marekfungac.sk\/index.php?rest_route=\/wp\/v2\/pages\/926","targetHints":{"allow":["GET"]}}],"collection":[{"href":"https:\/\/www.marekfungac.sk\/index.php?rest_route=\/wp\/v2\/pages"}],"about":[{"href":"https:\/\/www.marekfungac.sk\/index.php?rest_route=\/wp\/v2\/types\/page"}],"author":[{"embeddable":true,"href":"https:\/\/www.marekfungac.sk\/index.php?rest_route=\/wp\/v2\/users\/1"}],"replies":[{"embeddable":true,"href":"https:\/\/www.marekfungac.sk\/index.php?rest_route=%2Fwp%2Fv2%2Fcomments&post=926"}],"version-history":[{"count":6,"href":"https:\/\/www.marekfungac.sk\/index.php?rest_route=\/wp\/v2\/pages\/926\/revisions"}],"predecessor-version":[{"id":4232,"href":"https:\/\/www.marekfungac.sk\/index.php?rest_route=\/wp\/v2\/pages\/926\/revisions\/4232"}],"wp:attachment":[{"href":"https:\/\/www.marekfungac.sk\/index.php?rest_route=%2Fwp%2Fv2%2Fmedia&parent=926"}],"curies":[{"name":"wp","href":"https:\/\/api.w.org\/{rel}","templated":true}]}}